-o*k + 486. List the prime factors of k.
3
Let k = 44 - 14. What are the prime factors of ((-26)/k - 12/90)*-25?
5
Let u(o) = 3*o**2 - 16*o - 26. List the prime factors of u(12).
2, 107
What are the prime factors of -1 + 1 - -2*(-297)/(-2)?
3, 11
Let b = 1 - 4. Let p(g) be the third derivative of -g**4/6 - g**3/6 - g**2. What are the prime factors of p(b)?
11
Let x(n) = -2*n**2 + 5*n - 5. Let u(s) = -6*s**2 + 15*s - 15. Let d(o) = 2*u(o) - 7*x(o). What are the prime factors of d(4)?
17
Let k = 24 + -22. Suppose 0 = k*h + 7 - 79. List the prime factors of h.
2, 3
Suppose -2*c - 35 = 5*a, -3*c - 40 = -0*c + 5*a. Let n(b) = -3*b**3 - 5*b**2 + 11*b + 19. What are the prime factors of n(c)?
2, 107
Let j(y) = -119*y - 742. What are the prime factors of j(-27)?
7, 353
Suppose 11*a = 8*a + 6. Suppose -3*c - a*h = 22, -3*c - 18 = -c + 2*h. Let l(r) = 2*r**2 + 4*r. What are the prime factors of l(c)?
2
Let h(p) be the first derivative of 11*p**2/2 - 7*p + 24. List the prime factors of h(18).
191
Let c(a) = a**3 + 7*a**2 - a - 4. Let l be c(-7). Suppose 0 = -g + 6*g - 4*b - 71, -5*g + 43 = l*b. List the prime factors of 35/g + 12/(-66).
3
Let f(j) = 2*j - 1. Let v(p) = 25*p - 37. Let o(t) = 4*f(t) - v(t). List the prime factors of o(-11).
2, 5, 11
Suppose 6*u - 2*u - 20 = 0. Suppose -28 = -3*c + u. What are the prime factors of c?
11
Suppose o + 3*r - 16 = 0, 0 = 5*o - 4*r - 4. Suppose o*p = -i - 48, -79 = 2*i + p + 17. List the prime factors of (2664/i)/(6/(-4)).
37
Let x = 17 - -41. Let p = x + 78. Let w = p + -69. What are the prime factors of w?
67
Let u = -5606 + 7959. List the prime factors of u.
13, 181
Let x(j) = 9*j**2 + 4*j - 1. What are the prime factors of x(-4)?
127
Suppose -5*j + 2*u = -3061 - 356, -1382 = -2*j - 3*u. List the prime factors of j.
5, 137
Let o(w) = 4*w**2 + w - 2. Let s be o(-6). Let r = -89 + s. What are the prime factors of r?
47
Suppose s = -1 + 5. Suppose -s*k = -2*r + 105 - 19, 3*r - 3*k - 138 = 0. List the prime factors of r.
7
Let p = 369 + -367. Let g be (31/(-4))/(1/(-4)). Suppose 0*m = -m + 4*o + g, 4*m - p*o - 96 = 0. List the prime factors of m.
23
Suppose -7*g - 4*g = -4070. What are the prime factors of g?
2, 5, 37
Let i be (1 + -1)/(2/(-2)). Let h(z) = i*z + 1 + 3*z - 14. List the prime factors of h(9).
2, 7
Let o(s) = -1 + 2*s**2 - 26*s + 26*s - 2. List the prime factors of o(-4).
29
Let a(c) be the third derivative of c**5/20 - c**4/24 + c**3/3 + 3*c**2. Suppose 2*w + 3 = 2*x + 11, x + 8 = 3*w. What are the prime factors of a(x)?
2
Let a(p) = -2*p**2 - 28*p + 10. Let u be a(-14). What are the prime factors of -4*(-3 - u) + 12/(-4)?
7
Let o be 1575/(-11) - (-14)/77. Let p = -100 - o. What are the prime factors of p?
43
Let m(o) = 9*o**2 + 291*o + 3. List the prime factors of m(-37).
3, 173
Suppose 5 = -2*g + 5*u - 0*u, -13 = 2*g + 3*u. Let r(s) = 3*s**2 - 7*s - 12. List the prime factors of r(g).
2, 7
Let u be (-1 - -2) + -2 + 4. Suppose -2*j = u*j - 3*t - 23, 5*j + 3*t = 47. Let f(o) = 3*o - 9. List the prime factors of f(j).
2, 3
Let x(n) = 2*n**2 - 2*n + 1. Let g be x(2). Suppose k - 2 = 4*c + 4, -g*c = 0. What are the prime factors of 4/k + (-112)/(-3)?
2, 19
List the prime factors of 6*(-8)/36 + (-4682)/(-6).
19, 41
Suppose -23 + 5 = -3*p - 3*o, -3*o = -p + 2. Suppose -3*g - 26 = -2*r - p*g, 0 = r + 3*g - 3. Suppose 5*l - r - 222 = 0. List the prime factors of l.
2, 3
Let s(f) = f**3 - 11*f**2 - f + 14. Suppose 12 = -5*u + 67. Let n be s(u). Suppose 5*x - 90 = -n*d, -69 = -4*d + 2*x + 25. List the prime factors of d.
5
Suppose 6*u - 2*u + 160 = 4*s, -4*s + u = -145. List the prime factors of 1 - (-1092)/s*20/6.
3, 5, 7
Let n(o) = 2*o**2 - 2*o + 10. List the prime factors of n(8).
2, 61
Suppose 8 = -2*b - 0*b, 5*i + b = 1051. Suppose -4*s + i - 31 = 0. What are the prime factors of (-6)/(-10)*s/1?
3
Let h be ((-15)/3 - -8)/(2 - 1). Suppose -4*w - h*t + 2*t + 489 = 0, 3*t = 2*w - 227. List the prime factors of w.
11
Let b(r) = r**2 + 3*r - 4. Let m be b(-4). Suppose -2*i + 6*i - 56 = m. Let v = i + 13. List the prime factors of v.
3
Let j = 69 - 44. Suppose -q + 11 + j = 0. List the prime factors of q.
2, 3
Let t = -2107 - -2959. List the prime factors of t.
2, 3, 71
Let s(r) = 3*r + 0*r - 5*r**3 + 1 - r + 0*r + 2*r**2. Let q be s(-1). Suppose 4 = q*w - 8. What are the prime factors of w?
2
Let n(q) = 2*q + 6. Let l(f) = 10*f**2 - 1. Let z be l(-1). List the prime factors of n(z).
2, 3
Let a be 1*(4 + -1 + -3). Let p = 65 - a. List the prime factors of p.
5, 13
Let f(a) = 6*a**2 - 65. List the prime factors of f(-10).
5, 107
Let b = 45 - 45. Suppose b = 2*d + 4*w - 60, d - 120 = -2*d + 4*w. List the prime factors of d.
2, 3
Suppose 2*c = y - 446, 3*y + 3*c - 1324 = 2*c. Suppose -6*m - 2*r + y = -2*m, -109 = -m - 2*r. Let w = m + -67. What are the prime factors of w?
2, 11
Let n(a) = -2*a + 7. Let z(p) = -4*p + 13. Let i(m) = -11*n(m) + 6*z(m). Let f be i(-1). Suppose w + l + l = 9, 5*w - 84 = f*l. List the prime factors of w.
3, 5
Suppose 7*f + 5654 = 18*f. What are the prime factors of f?
2, 257
Let d be ((-143)/(-52))/((-1)/4). Let p(n) = n + 25. List the prime factors of p(d).
2, 7
Let q = -38 - -35. Let u be (-15)/q - 3 - -2. Suppose 3*o = -5*z + 238, u*z - o - 70 = 117. What are the prime factors of z?
47
Let y(z) = -5*z**2 - 1. Let a be y(-1). Let k be a*(-2)/6*2. Let p(f) = f**2 - f + 3. What are the prime factors of p(k)?
3, 5
Let k = 91 - -280. Suppose 5*i + 95 = v, -59 = -4*v - 5*i + k. List the prime factors of v.
3, 5, 7
Suppose 0 = 11*a - 4*a - 1036. What are the prime factors of a?
2, 37
Let a be (1 - -2 - -2)*1. Let l(q) = q**2 - 5*q + 2. Let r be l(a). Suppose r*d - 7 - 1 = 0. List the prime factors of d.
2
Let i = -99 - -8. What are the prime factors of -5 + (4 - -3) - i?
3, 31
Suppose -6*h + 9*h - 11601 = -3*j, 0 = -h + 4. What are the prime factors of j?
3863
Let g(u) = -u**3 + 7*u**2 + 2*u + 1. Let r be g(7). Let w be 20/r + 2/3. Suppose o + 156 - 24 = 4*j, w*j = -4*o + 48. What are the prime factors of j?
2
Let k(s) = 139*s - 114. What are the prime factors of k(7)?
859
Suppose 0 = 13*v - 4*v - 7*v. Suppose u - 122 = 4*x + 13, u + 5*x - 126 = v. What are the prime factors of u?
131
Suppose 16*l - 18*l = -16. What are the prime factors of 3 - (4 - l)*23?
5, 19
Let n(s) = 210*s**2 + s + 1. Let t be n(-1). Suppose 5*c - 5 = t. List the prime factors of c.
43
Suppose 0 = 5*c + 5*q - 10475, 3*c - 2103 = 2*c - 5*q. What are the prime factors of c?
7, 13, 23
Suppose 5*d - 40 = 5*t, -8 = -4*d - 20*t + 18*t. Let j = 10 + -5. Suppose 12 = 3*s, -d*x + j*s + 7 = -237. What are the prime factors of x?
2, 3, 11
Let k(t) = t**2 + 8*t. Let n be k(-6). Let v = 1 - n. List the prime factors of v.
13
Let i(d) = d + 1. Let n be i(7). Suppose 0 = -2*y, -3*m + 4*y - 147 = -435. Suppose 4*g + m = n*g. List the prime factors of g.
2, 3
Let j(k) = 19*k**2 - 45*k - 46*k + 2 + 96*k. List the prime factors of j(-2).
2, 17
Suppose 6*u = u + 40. Suppose -3*t + 4 = -u. Suppose 0 = -4*d + 3*m + 52 + 34, 0 = t*d - 4*m - 88. What are the prime factors of d?
2, 5
Let i(n) = n**3 - n**2 - 10*n - 2. Let d be i(5). Let x = d - -47. List the prime factors of x.
5, 19
Suppose -3*i + 543 = 2*y, 3*i = 3*y - 6*y + 810. Let f = y - 179. What are the prime factors of f?
2, 11
Let i = 12 + 0. List the prime factors of 3/i - (-1338)/24.
2, 7
Let r = 40 + -30. Let y(i) = -i**3 + 10*i**2 + 2*i + 22. What are the prime factors of y(r)?
2, 3, 7
List the prime factors of (-1)/(((-30)/(-1827))/(-10)).
3, 7, 29
Let n = 19 + -17. Suppose 0 = 5*v - 4 - 1, -108 = -n*m + 4*v. Suppose 0 = 4*q - 0*p - 3*p - 112, -5*p + m = 2*q. What are the prime factors of q?
2, 7
Suppose -4*q + 9 = 1. Suppose 5*o = -7*l + q*l + 245, -4*o + 201 = -l. List the prime factors of o.
2, 5
Let f(q) = 728*q + 89. What are the prime factors of f(2)?
3, 5, 103
Let s = -145 - -253. Let n = -32 + s. What are the prime factors of n?
2, 19
Suppose -3*w + 10*w = -77. List the prime factors of (-44)/2*11/w.
2, 11
Let d(z) = -11*z**2 - 3. Let h(o) = -23*o**2 - 6. Let r(k) = -13*d(k) + 6*h(k). Let q(f) = f**2 + 14*f - 18. Let c be q(-15). List the prime factors of r(c).
2, 3
Suppose -14*c + 19*c - 1060 = 0. Suppose -2*d + 96 = -c. What are the prime factors of d?
2, 7, 11